 1. Let y be s(1). Let a(q) = -y + 14 - 3*q + 14 + 4*q. Give a(7).
2
Let i(k) = k**3 - 9*k**2 - 11*k + 6. Let n = -795 - -805. Calculate i(n).
-4
Let k(j) = j**3 + 5*j**2 + 2*j - 1. Let t be (2 + -4 + 6)*-1. Let u be k(t). Let x(h) = 2*h + 4*h + 5 - u*h. Determine x(4).
1
Let k be (-8)/5 + (-4)/10. Let r(y) = -y**3 - 3*y**2 + 5*y + 4. Let m be r(-4). Let u(f) = -2*f + 2*f + 1 + m*f - 3*f. Give u(k).
7
Let u(k) = k**2 + 5*k - 8. Let c(r) = -r**3 + 9*r**2 - 7*r - 4. Let l be c(8). Suppose -l*j + 2 = -3*j. Let s(o) = -2*o - 2. Let v be s(j). What is u(v)?
-2
Suppose 9*i = 4*i. Suppose 2*d = -i*d - 12. Let j(m) = -5*m**2 + 6*m - 1. Let l(t) = 4*t**2 - 6*t + 1. Let a(o) = 5*j(o) + 6*l(o). Calculate a(d).
1
Suppose -290 = -32*c + 94. Let o(p) = p + 3. Determine o(c).
15
Suppose -9*s + 6 = -84. Suppose 10 = -2*b + s. Let p(z) = -z**2 + z + 15. What is p(b)?
15
Let n(v) be the second derivative of -1/12*v**4 + 4*v + 3/2*v**2 + 0 + 0*v**3. What is n(-3)?
-6
Let z(v) be the second derivative of v**3/3 + v**2 + 2*v. Let d(b) = b**3 - 8*b**2 - b - 2. Let u be d(8). Let t = -13 - u. Determine z(t).
-4
Let x(z) = z**3 + z**2 + z + 4. Suppose 2*m = -6*m + 704. Let w = 88 - m. What is x(w)?
4
Let f(a) be the second derivative of -a**4/6 - a**3/6 - 668*a + 2. Calculate f(-1).
-1
Let p = 122 + -118. Suppose -d + 5*x = 2*d - 7, -x = 4*d + 6. Let m(r) = -2*r - 1. Let q(i) = -i. Let z(v) = d*m(v) + p*q(v). Calculate z(-3).
7
Let a(w) = 350*w**2. Let n(r) = 13*r**2. Let k = 12 - 15. Let x(p) = k*a(p) + 80*n(p). What is x(-1)?
-10
Let w = -256 + 250. Let r(p) = p**2 + 5*p - 1. Give r(w).
5
Let k be (36/(-10))/3*(-60)/24. Let d(h) = -8*h + 5 - k*h + 10*h. Give d(6).
-1
Let r(l) be the second derivative of l**3/2 + 3*l**2 + 3*l - 33. Determine r(2).
12
Let k(n) be the third derivative of n**4/24 - 11*n**3/6 + n**2. Suppose 147 = 21*w + 21. Give k(w).
-5
Suppose 0*y - 4 = 4*y. Let j(q) be the third derivative of -3*q**5/20 + 8*q**2 + 3. Give j(y).
-9
Let c(d) = -3*d - 8. Let j = -139 - -57. Let n be (2/(-1))/(4/j). Suppose 3*h + 4*i = 7 - n, -h + 2*i = -2. Calculate c(h).
10
Let h be -3 + -6*1/(-2) - -3. Let z(u) = 2*u**2 - 2*u - 1. What is z(h)?
11
Let h(n) = -9*n**2 + 6*n + 1. Let x(b) = -22*b**2 + 13*b + 2. Let z(j) = -5*h(j) + 2*x(j). Let m be 5 + (-2 - (1 - 3)). Determine z(m).
4
Let b(y) = 4*y**2. Let c be 8/(-2)*(-2)/4. Suppose 3*d - 11 = -h, 0*d = 4*h - 4*d - 12. Suppose h = -3*r + c. What is b(r)?
4
Let f(c) be the third derivative of 0*c + 18*c**2 + 1/24*c**4 + 3/2*c**3 + 0. Calculate f(-10).
-1
Let c(m) = 5*m**2 + 2*m + 5. Let o(t) = t**2. Let s(r) = -c(r) + 6*o(r). Let d = -114 - -119. Suppose 4*w = 5*j - 1 - 19, d*w = 0. Calculate s(j).
3
Let u(d) = d**2 - 12*d + 11. Let r be (6/12)/((-7)/(3*-42)). Calculate u(r).
-16
Let h(u) be the first derivative of -u**5/120 + u**4/8 - 11*u**3/3 - 1. Let x(w) be the third derivative of h(w). Give x(-3).
6
Let p(k) = k - 7. Let q = 57 + -21. Let m = 44 - q. Calculate p(m).
1
Let h = 30 - 23. Let r(s) = -3*s + 22. Determine r(h).
1
Let s be 126/(-28) + 2/8*2. Let z(m) be the third derivative of -m**6/120 - m**5/12 - m**4/4 - 2*m**3/3 - 32*m**2. What is z(s)?
4
Suppose 18*m + 134 - 8 = 0. Let n(s) = -6*s - 49. Calculate n(m).
-7
Let k(c) = c**2 + 1. Let q(a) = -a**3 - 8*a**2 + 4*a - 6. Let j(n) = 3*k(n) + q(n). Suppose -3*t - 42 = -2*t. Let r = t - -36. Determine j(r).
9
Let q(t) = 2*t**3 - 3*t**2 - 3*t - 2. Let d = -45 - -44. Let r(s) = -s**2 - s - 1. Let k(b) = d*q(b) + r(b). Calculate k(-1).
3
Let i = 1424 + -1429. Let d(z) = -2*z + 0 + 1 - 2*z. Let c(p) = 3*p. Let j(y) = i*c(y) - 4*d(y). Give j(5).
1
Let m = -10 - -12. Suppose 0 = -m*n + 1 + 9. Let s(r) = r + 2. Determine s(n).
7
Let d(p) = 2*p**3 - 18*p**2 + 5*p - 6. Let j(y) = -4*y**3 + 35*y**2 - 9*y + 11. Let h(g) = 11*d(g) + 6*j(g). Calculate h(6).
6
Let n(q) = q - 2. Let f be 2/10 + (-210)/200*4. What is n(f)?
-6
Let a(l) = l**3 - 8*l**2 - l - 66. Let j be a(9). Let o(g) = -g**2 + 9*g - 8. What is o(j)?
10
Let b(c) = -5*c - 1. Let p(t) = t**2 - 2*t - 24. Let w be p(6). Suppose 0 = 9*l - w*l - 27. Give b(l).
-16
Let s(t) = -9*t**2 - 10*t + 22. Let w(o) = 11*o**2 + 10*o - 25. Let q(b) = 6*s(b) + 5*w(b). Calculate q(8).
-9
Let t(w) be the third derivative of -w**6/120 - 7*w**5/60 - w**4/12 - w**3 + w**2. Let n = -85 + 78. Determine t(n).
8
Let z(x) = x**3 - 5*x**2 - 5*x + 5. Suppose -195 = -9*y - 24. Suppose -6*f + y = -17. Calculate z(f).
11
Let a = 2591 - 2598. Let q(w) = 7*w + 55. Give q(a).
6
Let m(q) = -q + 15. Let s be m(20). Let r be s/((-5)/4) - 8. Let c(w) = w**3 + 4*w**2 - 3. Calculate c(r).
-3
Let b(o) = o**2 + 9*o - 12. Let x be b(-11). Let a(s) = -s**2 + 10*s + 5. Let v be a(x). Let k(f) = f + 0*f + v*f - 2*f. Give k(-4).
-16
Let d(c) = -c + 4. Let g(z) = -z**2 + z - 1. Let w(a) = d(a) + 2*g(a). Let k(u) = -u**3 + 4*u**2 - 4*u + 1. Let q be k(3). Let j be q/5*(-1 - 4). What is w(j)?
-4
Let v(h) = 3*h - 6. Let t(l) = -7*l + 13. Let s(w) = 4*t(w) + 9*v(w). Let a = 6 - 6. What is s(a)?
-2
Let c(w) = -2*w. Let f(o) = 3*o - 2*o + 0*o. Suppose 0 = -5*x - 4*a - a - 15, -4*a = -5*x + 3. Let r(b) = x*c(b) - 3*f(b). What is r(-4)?
4
Let b = -194 - -191. Let u(l) = -l**2 - 5*l + 2. What is u(b)?
8
Let i(x) = 4*x - 17. Let n be i(5). Let q(v) = v**n + 2*v - 5*v**2 - 4 + 3*v + 0*v**3 - 3*v. What is q(4)?
-12
Let r(f) = -4*f + 24. Let d be (-208)/(-572)*11/2 + 5. Give r(d).
-4
Let t(a) = -a + 27. Let k be 68/119 + (-36)/14. Let l be 1/k*0/(-22). Determine t(l).
27
Let o(p) = p**3 - 17*p**2 - 20*p + 8. Let x be o(18). Let c = x + 23. Let z(w) = w**3 + 4*w**2 - 4*w - 6. What is z(c)?
-11
Suppose -2*h = 2 - 4. Let t(w) = -w - 1. Let k(a) = -7*a + 3. Let c(x) = h*k(x) - 6*t(x). Give c(9).
0
Let j(h) be the third derivative of -h**7/1680 - h**6/144 - h**5/60 - 11*h**2. Let w(o) be the third derivative of j(o). What is w(-4)?
7
Suppose 31*c = 22 - 177. Let a(b) = -2*b**2 - 11*b + 1. Calculate a(c).
6
Let l(i) = -985*i + 982. Let c be l(1). Let r(w) = -5*w**3 - 3*w**2 - 8*w - 8. Let a(o) = o**3 + o**2 + o + 1. Let x(j) = 6*a(j) + r(j). Give x(c).
4
Let y(q) = 7*q + 11. Let b(j) = j**2 - 38*j - 61. Let g(i) = -2*b(i) - 11*y(i). Suppose -4*a = 4*t - 16, -2*a - a = -t - 8. Calculate g(t).
-2
Let o = -38 - -46. Let m(c) = c**3 - 8*c**2 - c + 9. Let r be m(o). Let w(f) = 21*f**2 - 2*f + 1. Give w(r).
20
Suppose -118*j + 110*j = -56. Let m(p) be the third derivative of 0 - 1/12*p**4 - 2/3*p**3 + j*p**2 + 0*p. Determine m(-5).
6
Let z(h) = -h**3 - 3*h**2 + 6*h + 1. Let b be 0 + 2 - (1 + 1 - -4). Give z(b).
-7
Let p(q) = -56*q - 5. Let c = 6 + -3. Suppose 5*w - 29 = -m, -5*m + 3*m - 7 = -c*w. Let n(j) = -37*j - 3. Let r(y) = w*p(y) - 8*n(y). Determine r(1).
15
Let n(y) = y**2 - 3*y - 3. Let g(j) = j**2 - 4*j - 5. Let f(s) = 1. Let q(u) = -f(u) - g(u). Let m(w) = -2*n(w) - 3*q(w). Calculate m(5).
-11
Let l(h) = -2*h - 6. Let w(b) = b**3 - 8*b**2 + 8*b - 2. Let g be w(6). Let j be g/(-7) - (-18)/63. Let n be (-105)/20 - (-1)/j. What is l(n)?
4
Let y(z) be the second derivative of -z**5/20 - 7*z**4/3 - z**3/6 - 18*z**2 - 47*z + 4. What is y(-28)?
-8
Let z(d) be the second derivative of d**4/12 - 2*d**3/3 - 8*d**2 - 9*d. Let x be z(7). Let t(s) = -s - 2. What is t(x)?
-7
Let f be -1 - (0 - 16) - 2. Let v(j) = 9*j**2 + 11*j**2 - j + 4 - f + j**3 - 21*j**2. Calculate v(0).
-9
Suppose 10*v + 28 = 6*v. Let s(z) = -2*z - 12. Let q be s(v). Let o(g) = -g**2 + 2. Calculate o(q).
-2
Suppose -2*u - 28 = -6*u. Let g(q) = -u + 10*q + 9 + 9 + q**2. Let o(i) = i**2 - 7*i + 1. Let k be o(5). Calculate g(k).
2
Let o(i) = i**2 + 6*i - 9. Suppose 32*g + 112 = 16*g. Calculate o(g).
-2
Let i(c) = 37*c + 22 + 74*c**2 + 84*c**2 + 80*c**2 - 236*c**2. Give i(-18).
4
Let x(k) be the first derivative of k**2/2 - 5*k - 110. Calculate x(-6).
-11
Let c(l) = 7*l**2 - l + 3. Let p(o) = 2*o**2 + 2. Let h(w) = -c(w) + 3*p(w). Give h(7).
-39
Let r = -546 + 553. Let c(h) be the second derivative of -h + 4/3*h**3 - 5*h**2 + 0 - 1/12*h**4. What is c(r)?
-3
Suppose q = 2*q - 9. Suppose 4*m + 40 = q*m. Let g(c) = -2 + 25*c - 16*c - m*c. Calculate g(5).
3
Let l(n) = -n + 16. Let v be l(19). Let f(k) = k**3 + 2*k**2 - 4*k - 2. Give f(v).
1
Let z(k) = -8*k - 18. Let s(q) = -12*q - 25. Let a(u) = -5*s(u) + 7*z(u). What i